 7) + 0
-8
Evaluate 6 - (-5 + 5 + 8).
-2
Evaluate 21 - 34 - ((3 - 5) + -3).
-8
-2 - ((1 - (-5 - -7)) + -2)
1
Calculate 0 - (-5 + 6 - 1).
0
What is the value of (-6 - 1) + 5 - (5 + -3)?
-4
(-4 + (3 - -2) - 7) + 4
-2
What is -11 + 3 + 0 - -7?
-1
What is the value of -10 + (19 - 6) - 11?
-8
What is -6 + (-4 + 4 - -6 - 6)?
-6
Evaluate -2 + ((-1 - -2) + -3 - 1).
-5
Evaluate (-2 - (-5 + 2)) + -10 + 7.
-2
Calculate (-2 - 3) + (-74 - -72).
-7
Evaluate -8 - -2 - (-2 + -3 + -5).
4
(21 - 2) + (136 - 144)
11
Calculate (-8 + -6 - -5) + 6.
-3
7 - 6 - -3 - 10
-6
What is the value of (5 - 2) + 6 + -12?
-3
What is the value of -4 + 1 + 3 + -6 + 2?
-4
Evaluate -6 + 13 + (4 - (2 - -6)).
3
Calculate 35 + -28 - (0 + 4).
3
Evaluate 7 + -2 + -14 + (-2 - -6).
-5
1 - ((-2 - 3) + (9 - 2))
-1
Calculate 6 + (0 - 7 - -8).
7
Evaluate 0 + -1 + (3 - 4).
-2
Calculate -3 + 1 + 5 + (4 - 2).
5
Calculate 4 + 0 + 5 + -11.
-2
-15 - (-12 + 0) - (-1 + -5)
3
Calculate (-6 - -1) + -14 + 17.
-2
What is the value of 0 + (4 - (4 - 3))?
3
Calculate (-8 + 32 - 6) + -11.
7
Calculate 0 + (2 - 0) + -4.
-2
What is (-6 - -19 - 6) + 0?
7
Calculate -6 - (-6 + 6 - 7).
1
What is 0 - (-4 + 4 + 3)?
-3
What is the value of -5 - -8 - 2 - 5?
-4
What is 0 + -2 + (-7 - -12)?
3
What is 0 + 4 + -1 + -10?
-7
What is 4 - (8 + -5 - 0)?
1
What is -8 - -14 - -1 - 6?
1
What is 0 - (5 + (1 - 10) + 2)?
2
Evaluate 2 - (-4 + 0) - (10 - 13).
9
What is the value of (9 - 10) + -5 + 9?
3
Calculate -3 + -1 + 5 + (-7 - -5).
-1
Calculate (6 - (18 + -2)) + 4 + 9.
3
What is the value of 0 - (2 + -1) - -4?
3
What is the value of -10 + 3 + -4 + 5?
-6
0 + -1 + -4 - -3
-2
Evaluate (12 - 14) + 1 + -4.
-5
What is (7 - 7) + -1 + 0 + 2?
1
What is the value of 0 + (1 - 0) + (-256 - -260)?
5
Calculate (0 - 0) + 7 - (-253 + 268).
-8
(3 - 7) + 5 + -3
-2
What is (-3 - (-8 + 1)) + (8 - 11)?
1
5 - (-4 - (-1 + -10))
-2
What is the value of -1 - (1 - -2 - (-1 - -3))?
-2
Evaluate (13 + -13 - (-2 + 0)) + -5.
-3
What is the value of -74 + 68 + 0 + 6?
0
Evaluate 50 - 48 - (-6 + 1).
7
What is the value of (-7 - -7 - (3 + -1)) + -3?
-5
What is the value of -13 + (11 - 0) + -4?
-6
Evaluate 5 + -3 + 4 + -8.
-2
Calculate 1 + (4 - (3 + 7)).
-5
-1 + -1 - (-87 + 83)
2
Calculate -38 + 42 - (5 + 0) - 7.
-8
8 + -6 + -10 - -12
4
Calculate -8 - (7 + -15) - -1 - 11.
-10
Calculate (0 - 6) + (-2 - -4) + 3.
-1
Evaluate 3 + (7 - (2 + -3 + 4)).
7
What is the value of -4 + -4 + 5 - (-2 - 0)?
-1
What is 1 - -4 - (6 - (22 - 14))?
7
-5 + -4 + 3 - (-2 + 0)
-4
What is the value of (1 - (-2 - 4)) + (-278 - -281)?
10
What is the value of (4 - (3 + -2)) + -9?
-6
Calculate 1 - (1 - -10) - -3.
-7
What is the value of 1 + -5 - (0 + -6 + 3)?
-1
Calculate 3 - (13 - 3) - -2.
-5
What is the value of 3 + -7 + (-2 - (-2 - 1))?
-3
Calculate -3 - (3 - 15 - -4).
5
Calculate -9 + 0 - (27 - 43).
7
Evaluate (0 + 4 - 5) + 4.
3
Calculate 1 + 6 - (-70 - -77).
0
What is 0 + (6 - (0 + 1 - 0))?
5
Calculate 0 - (-9 - (0 - 4)).
5
4 + (-1 + -7 - 2)
-6
What is the value of -8 + (-3 - (-3 + -3))?
-5
What is 7 + -5 - (0 - -2)?
0
What is (26 - 23) + -6 + 0?
-3
What is the value of -4 + -8 - (-4 + -1)?
-7
What is the value of 10 + -18 + 10 + -1 + 1?
2
What is the value of 6 + -10 + 5 + 0?
1
What is the value of -21 + 17 - (2 + 0 + -7)?
1
What is the value of 0 + (3 + 5 - 3 - 6)?
-1
What is (7 - 6 - -5) + 1 + -3?
4
Evaluate 10 + (5 - 7) - 14.
-6
(2 + (-3 - -6) - 3) + -3
-1
Calculate -5 + 0 + (6 - (5 + -6)).
2
Calculate -4 - -7 - 9 - -4.
-2
Evaluate -3 + 0 + 0 + 0 + -2.
-5
What is 14 - (6 + (-7 - (-5 + -3)))?
7
What is the value of -1 + (-4 - 1) + 4?
-2
What is the value of (2 - 0) + -7 + (6 - 4)?
-3
Calculate 0 + (4 + -4 - 1).
-1
Evaluate -3 - (1 + (1 + 0 - 1)).
-4
Calculate (29 + -34 - (1 + -4)) + -5.
-7
Calculate 4 + 1 - (-6 - -9 - -1).
1
What is the value of 3 + (-10 - -7 - -6)?
6
Calculate 0 + -5 + 2 + 1 + 1.
-1
Evaluate 1 - (-6 + (-3 - -6)) - 6.
-2
Calculate -9 - ((-3 - 4) + 1) - -7.
4
What is -43 + 46 - (0 + -3 - -1)?
5
What is the value of -1 - -8 - (1 - -2)?
4
Evaluate 3 + 1 - (-2 - -2).
4
What is (-14 - (-11 - 12)) + -1?
8
Calculate (3 - 4) + 3 + 1.
3
What is the value of 4 + -2 + (2 - (4 - 3))?
3
What is the value of (0 - (-1 + -5)) + (117 - 121)?
2
What is 8 - 26 - (-14 - 0)?
-4
What is the value of 4 - (12 + -14 + 4)?
2
(-7 + 4 - -4) + (-2 - -1)
0
What is -5 + (-19 - -12) + 14?
2
Calculate 4 - 2 - (20 + -12).
-6
What is the value of (-4 - (-4 + 2)) + 3 + -3?
-2
Evaluate -1 - (4 - (7 - 2)).
0
(-10 + 13 - 8) + 6
1
3 + -1 + -6 + 1 + 2
-1
Evaluate (-2 - 0) + 8 + -2.
4
(-10 - 1 - -15) + 4
8
What is (14 - 4) + (-2 - 3)?
5
What is the value of 4 + -6 + (-10 - -3 - -9)?
0
Calculate 4 + (-5 + 7 - 12) - 1.
-7
Calculate -7 + 2 + (-4 - -4).
-5
Calculate 2 - -1 - 7 - -1.
-3
What is the value of 5 - (5 + -6 + -1)?
7
What is the value of 7 + (1 - 4) + 0?
4
Evaluate 2 - (5 + -3) - 2.
-2
Evaluate 1 - (-1 + 3 - (34 + -37)).
-4
What is 11 - (3 - 3 - 1) - 3?
9
What is the value of 4 - (7 - -6) - -4?
-5
Evaluate (-1 - -2 - -6) + (70 - 79).
-2
-2 + (-1 + (3 - 4) - -4)
0
What is (-2 - -2) + (-7 - -10)?
3
Evaluate (1 + 1 - (4 + -5)) + -6.
-3
What is the value of -5 + (4 + 6 - 5) + 5?
5
What is -6 - (-4 - (7 - 3))?
2
Evaluate 1 + -1 + (4 - -2) + -3.
3
Evaluate 3 - 1 - (-15 + 20).
-3
What is -2 + 0 + -3 + -2 + -1?
-8
What is (8 + -6 - (-2 - -3)) + -3?
-2
7 + (2 - -1) + -15
-5
What is the value of -24 - -27 - (10 - 2)?
-5
Evaluate 2 + -4 + 3 + -2.
-1
Evaluate -15 - (-32 - (-15 - -8)).
10
Calculate (-5 - (2 + (1 - 4))) + 3.
-1
What is (-14 - -13) + (2 - (0 + 5))?
-4
Evaluate (17 - 13) + -4 + 2.
2
Calculate 0 + 3 + -15 + 6 + 3.
-3
What is the value of 6 + 8 + -12 + -1?
1
2 - 2 - (22 - 19)
-3
What is -5 + 13 + 2 + -6 - 4?
0
What is 14 + (9 - 3) - 11?
9
Evaluate 1 + 6 + -2 + -39 + 32.
-2
Evaluate 1 - ((3 - -4) + -12).
6
What is (-1 - -4) + (19 - 24)?
-2
Evaluate -3 - -3 - 6 - -5.
-1
What is the value of -4 + 1 + 3 + 0?
0
What is -2 + (-2 - 1) + -5 + 9?
-1
Calculate 7 - 9 - (7 - -1).
-10
Calculate (0 - 8) + 3 - (-9 + 4).
0
-3 + (8 - 5) + (6 - 1)
5
What is (-1 - 0) + -1 + -3?
-5
Calculate -4 + (-3 - 0) + 3.
-4
4 + (-8 - -5 - 1)
0
Calculate -5 - (7 + -7) - (0 + -1).
-4
What is the value of -8 - -5 - (0 - -2)?
-5
Evaluate 37 + -41 + (3 - 4 - -10).
5
-14 - -8 - (-2 + -5)
1
Evaluate 6 + -16 + 4 + 3.
-3
What is the value of 0 - -3 - (-3 - -3)?
3
What is the value of 1 + -6 + 8 + -5 + 1?
-1
What is the value of 1 - (9 - 7) - (2 - -1)?
-4
Evaluate 3 + -3 + -5 + 1.
-4
What is (13 - (16 - 6)) + 1 + -1?
3
Evaluate -5 - (11 - (-11 - -21)).
-6
6 - (-1 + -6 - -15)
-2
Evaluate (-1 - (-8 + 0)) + -3.
4
What is the value of 17 - 1 - (-12 - (-29 + 11))?
10
Evaluate 0 - (0 + -9 + 7).
2
-10 + (-11 - -14) + 14
7
-4 - 3 - (-27 + 27)
-7
Calculate 11 + -18 + 1 + -4.
-10
What is 2 - (4 + (-4 - 3 - -2))?
3
-6 + 10 + 3 + -6
1
What is (16 - (24 + -3)) + (-1 - -11)?
5
Evaluate 18 + (11 - 13) - 8.
8
Evaluate -5 - (-21 + 8 - -8).
0
Calculate -1 - -4 - ((-3 - -5) + -2).
3
Calculate 27 + -27 - (-2 - -1).
1
What is the value of 0 + (6 - 1) - 0?
5
4 + 8 + 1 + -17
-4
Evaluate 4 + (0 - 3 - -2).
3
What is the value of -3 + (2 - (0 + 2)) + 5?
2
Evaluate 1 + 0 + -1 + (1 - 0).
1
Evaluate 3 - (12 + -4 + (0 - 0)).
-5
Evaluate -18 + 0 + 14 - (2 + -5).
-1
Evaluate 8 + -1 + -2 + -2.
3
Evaluate -7 + 3 - (11 + -7 - 6).
-2
Calculate 1 + (-2 + (-3 - -2) - 0).
-2
Calculate (-4 - (-4 - -4) - 6) + 3.
-7
Calculate 0 + 7 + (5 - 16).
-4
What is the value of (-3 - -2) + 5 + -6?
-2
Evaluate 2 - ((8 - 7) + 7).
-6
What is -3 - 5 - -4 - -6?
2
Calculate 1 + -5 + 9 + 0.
5
Evaluate -3 + 3 + -5 + 5.
0
What is 7 + (0 - (-4 + 19)) + 2?
-6
-1 + 6 - (-28 - -34)
-1
What is the value of -7 + (-12 + 4 - -13)?
-2
What is the value of (4 - (-1 + 10)) + (11 - 6)?
0
Calculate (0 - -2) + -3 - -4.
3
Calculate -1 - (3 - -2 - 4).
-2
Evaluate 3 + -1 + (-5 - -3).
0
What is the value of -4 + 4 + -3 - 2?
-5
What is (0 - -1) + (7 - (13 - 6))?
1
What is 6 - 4 - (3 + -1)?
0
What is the value of 2 + 1 + (9 - 8)?
4
Evaluate -15 - -16 - (1 + -3).
3
Calculate 4 + (-3 - 2 - (-20 + 25)).
-6
(5 - 1) + 1 + -5 + -2
-2
What is the value of -9 - (-8 + -6 - -7)?
-2
Calculate -5 + (-4 + 4 - 0).
-5
What is the value of 6 - (2 + (-7 - -14))?
-3
Evaluate 5 + 1 + 14 + -2 + -18.
0
What is the value of (22 - 7) + (12 - 17)?